 42. Calculate the remainder when 134 is divided by n.
44
Let d(k) = -k**2 + 11*k - 20. Calculate the remainder when (-288)/(-5) + (-6)/(-15) is divided by d(5).
8
Let u be (2 - -3)*1152/45. Suppose -3*j + u + 46 = 3*b, 5*j + 95 = 2*b. What is the remainder when b is divided by 8?
7
Let m = 73 - 71. Suppose 0 = -m*t - 4*k + 50, -2*t - 14 + 39 = -k. What is the remainder when 40 is divided by t?
10
Let l = 278 + -960. Let p be l/(-6) + (-5)/(-15). Let b = p - 48. What is the remainder when b is divided by 17?
15
Let s be -12 - -9 - (0 - -1). Let h be (-52)/(-14) + s/(-14). Suppose 122 - 38 = h*d. What is the remainder when 61 is divided by d?
19
Let h = -68 + 66. What is the remainder when h*((-3)/(-9) - (-52)/(-3)) is divided by 13?
8
Let s be (-1)/(3/6)*-3. Let r(t) = -t**2 + 4*t - 2. Let n be r(s). What is the remainder when 47 is divided by 228/14 + 4/n?
15
Let z be (-1)/(-6) + (-178)/(-12). Let f be 116*(z/(-6))/(-5). Let d = -35 + f. What is the remainder when d is divided by 12?
11
Let l = -130 - -18. Let z = l - -165. Let i(m) = -m**3 + 27*m**2 - 24*m - 38. What is the remainder when z is divided by i(26)?
11
Let x be 62 - (12/(-8) + (-3)/2). Let o = x + -48. Calculate the remainder when 133 is divided by o.
14
Let h(g) = 156*g**2 - 8*g + 5. What is the remainder when h(1) is divided by 31?
29
Let i = 256 + -53. Calculate the remainder when i is divided by 34.
33
Let k(o) = 8*o + 90. Calculate the remainder when k(6) is divided by 60.
18
Let n(z) = -3*z**2 + 4*z + 3. Let f be n(6). Suppose 40 = 10*w - 12*w. Let r = w - f. Calculate the remainder when r is divided by 21.
19
Suppose -t + 28*p - 25*p + 570 = 0, 4*p - 20 = 0. What is the remainder when t is divided by 12?
9
Let l = -116 + 135. Let u be 1/1 - 0 - -45. Suppose -5*k + u = h, 5*h = k - 4*k + 10. Calculate the remainder when l is divided by k.
9
Let i(q) = -q**2 + 10*q + 13. Let w be i(11). What is the remainder when (-166)/(w + -4 + (-2 - -2)) is divided by 21?
20
What is the remainder when 32160/(-400)*(-20)/6 is divided by 135?
133
Suppose o = -2*o. Suppose o = -4*x + 427 + 965. Suppose 0 = -5*w + c + x, -66 = -w + 2*c - 0*c. What is the remainder when w is divided by 24?
22
Calculate the remainder when 58 is divided by (-35)/(-2)*(-448)/(-280).
2
Calculate the remainder when 5 is divided by 20/9 - 22/297*3.
1
Let c = 42 - 36. Suppose 138 = 8*j - c*j. What is the remainder when j is divided by 36?
33
Let m = -6 - -9. Suppose 4*p + 73 - 205 = m*r, 4*r = -p + 14. What is the remainder when 59 is divided by p?
29
Let b be (-32)/(2/(-6) + 0). Let l = 87 + -46. Calculate the remainder when l is divided by b/7 - (-2)/7.
13
Let u = 76 - 42. Let f(q) = -q**3 - 17*q**2 + 12*q - 43. Calculate the remainder when f(-18) is divided by u.
31
Suppose 0 = 2*z + 2*z - 8. What is the remainder when 13 is divided by (z + -2)/(-4) + 4?
1
Let t = 0 + 12. Suppose -2622 = -26*g - 31*g. Calculate the remainder when g is divided by t.
10
Suppose o - 21 = 2*r, 4*o + 4*r - 46 = 26. Calculate the remainder when o is divided by 14.
5
Suppose -33*q + 1152 = -q. Calculate the remainder when 249 is divided by q.
33
Suppose 3*j + 112 = g, -7 + 3 = j. Suppose -2*z = z - 2*i - g, 0 = -5*z + i + 162. Calculate the remainder when 62 is divided by z.
30
Suppose 3*j - 149 = -g, 5*j - g = -0*g + 235. Let m = 7 + 18. What is the remainder when j is divided by m?
23
Suppose 4*j = 42 + 2. Let o(c) = 12*c**2 - 1106*c + 191. What is the remainder when j is divided by o(92)?
4
Let j = -138 + 60. Let x be (4/(-10))/((-3)/(-45)). Calculate the remainder when j*(-5)/((-45)/x) is divided by 18.
16
Let m(i) = i**2 + 25*i + 74. Calculate the remainder when m(-26) is divided by 17.
15
Suppose -12*y = -11*y - 115. Calculate the remainder when y is divided by 24.
19
Let h be (0/(3/(-1)))/(-2). Suppose h = 2*w - 5*r - 51, -3*r - 87 = -5*w - 4*r. Suppose -2*t + w = t. What is the remainder when 11 is divided by t?
5
Calculate the remainder when (95/2)/((-220)/(-176)) is divided by 24.
14
Suppose 0 = 5*s - 0*s. Suppose 6 = -s*k + 3*k. Suppose 3*z - 32 + k = -3*r, -2*r + 5 = -z. Calculate the remainder when 14 is divided by z.
4
Suppose 4*q - 422 = 3*w, 21*q - 18*q + w = 323. Calculate the remainder when 232 is divided by q.
18
Suppose 3*n + k - 4 = 0, 0 = -2*n - k - 1 + 3. Suppose d + 12 = z, -9 = -z + n*d + 2*d. Calculate the remainder when z is divided by 5.
3
Suppose 3*y - 6 = -0*g - 5*g, -8 = -4*y. Suppose -4*t + t + 27 = g. Let o = 442 + -436. What is the remainder when t is divided by o?
3
Suppose s - 5*i = 6*s - 75, 2*s + 3*i = 32. Suppose s*z - 8*z = 30. What is the remainder when 9 is divided by z?
3
Suppose 4*z + 4*z + 520 = 0. Let m = z + 97. Calculate the remainder when m is divided by 11.
10
Suppose 44*p - 1959 = 285. Calculate the remainder when p is divided by 12.
3
Suppose -8*q - q + 459 = 0. Let x be ((-4)/(-3))/((-4)/(-12)). Suppose x*b = -5*v + 65, 4*v - b - 2*b - 52 = 0. Calculate the remainder when q is divided by v.
12
Let d = -22 + 16. Let m = -7 - -12. What is the remainder when m is divided by 1*d*3/(-9)?
1
Suppose -c + 32 = 3*c. What is the remainder when -2 + 23/(46/72) + -4 is divided by c?
6
Suppose 4 + 140 = 6*j. Calculate the remainder when 478 is divided by j.
22
Let n = 22 - 31. Let k(b) = b**3 + 10*b**2 + 8*b - 4. What is the remainder when k(n) is divided by 3 + (4 - (4 + -1))?
1
Suppose 7*z + 5*z = 0. Suppose -k = 5*d - 9, -k + 5*d + 0 - 1 = z. Calculate the remainder when 17 is divided by k.
1
Suppose 5*c - 313 = -5*m + 412, 2*m - 2*c - 302 = 0. What is the remainder when m is divided by 53?
42
Let w = -13 + 27. Let a = 1474 + -1419. Calculate the remainder when a is divided by w.
13
Suppose -3*m = 3*q - 207, 0 = -15*q + 14*q + 2*m + 72. Calculate the remainder when q is divided by 12.
10
Suppose -267 = -2*q - 9. Let w = 199 - q. Calculate the remainder when w is divided by (1/(-2))/((-3)/108).
16
Let h(z) = -3*z + 0*z - 6*z - z**2 - 9 + 17*z. Let n be h(6). Suppose -n*i + 201 = -0*i. Calculate the remainder when i is divided by 14.
11
Suppose 3*u + 2 = 20. Let i(x) = -x**3 - 6*x**2 - 6*x - 47. Let q be i(-7). Suppose -u*w = -2*w - q. What is the remainder when 30 is divided by w?
8
Let o(d) = -109*d**3 + d**2 - 4*d - 3. Calculate the remainder when 434 is divided by o(-1).
101
What is the remainder when 44 is divided by 170/4*(13 - 819/65)?
10
Suppose 5*n - 3*h - 25 = 0, 2*n + 2*h - 9 = 1. Suppose 2*y - n*s - 2 - 4 = 0, -5*s = -y - 7. What is the remainder when 76 is divided by y?
11
Suppose -b = -7 - 16. Let u(i) = -9*i - 1. Let p be u(-3). Let t = p - b. What is the remainder when t is divided by 1?
0
Let f = -180 - -196. Calculate the remainder when 83 is divided by f.
3
Suppose 7*v - 24 = -v. Suppose -2*j - 244 = -4*r, 9*r - v*j - 303 = 4*r. Suppose -3*f - 2*f = -80. Calculate the remainder when r is divided by f.
15
Let t(k) = -k**2 - 21*k - 50. Calculate the remainder when t(-6) is divided by 28.
12
Let n = 13 - 8. Suppose 9 = h + f, -5*f - 13 - n = -4*h. What is the remainder when (-12)/2*50/(-15) is divided by h?
6
Let k = -580 + 344. Let h = 356 + k. Suppose 39 - h = -3*y. Calculate the remainder when y is divided by 15.
12
Let l be (8/12)/(4/6). Let z(y) = 5*y**2 - y + 1. Let s(w) = -w**3 + 8*w**2 - 10*w + 7. What is the remainder when s(6) is divided by z(l)?
4
Let a(u) = u**3 - 3*u**2 - u + 4. Let r be a(-5). Let z = r - -274. Calculate the remainder when z is divided by 28.
27
Let p(l) = -l**3 + 62*l**2 - 117*l - 127. What is the remainder when p(60) is divided by 28?
25
Let v(a) = -2*a**2 - 20*a - 28. Let j = -32 - -25. Calculate the remainder when 81 is divided by v(j).
11
Let o(f) = -f**3 + 5*f**2 - 5*f + 2. Suppose 0 = 3*b - 4*p - 27, 29*b + 4*p + 14 = 31*b. Calculate the remainder when b is divided by o(3).
3
Suppose -4*q - 43 = -6*f + 3*f, -4 = q. Calculate the remainder when 4/(-16) - (-210)/8 is divided by f.
8
Let b(c) = 3*c**2 - c + 2. Let p be b(0). Suppose -2*w - 113 = -5*k, 3*w - 58 = -p*k + 7*w. What is the remainder when k is divided by 13?
8
Let i(z) = 3*z**2 + 14*z**3 + 3 - 3*z - 3 - 13*z**3 - 1. Calculate the remainder when i(3) is divided by 17.
10
Let q(k) = -k**2 - 9*k - 7. Let l be q(-8). Let d be l/5 + (-8)/40. Suppose 0 = -4*r - d*r + 264. Calculate the 